97212 a multiple of 6?
True
Is 7 a factor of 3310223?
True
Is 4 a factor of 21513984?
True
Does 1735 divide 2196163339?
False
Is 2160817588 a multiple of 20?
False
Does 330 divide 18737400?
True
Is 1331 a factor of 496864962?
True
Is 7 a factor of 833783356?
True
Does 2235 divide 1497356130?
True
Is 2175 a factor of 39278325?
True
Is 1438520 a multiple of 40?
True
Is 604960103 a multiple of 2214?
False
Is 8166679 a multiple of 2?
False
Is 587246240 a multiple of 3830?
True
Does 546 divide 6260309?
False
Is 16717860 a multiple of 1494?
True
Does 55 divide 244530?
True
Is 306790380 a multiple of 90?
True
Is 4 a factor of 32839791?
False
Is 921 a factor of 1870772961?
True
Is 15 a factor of 10776019?
False
Is 2219815353 a multiple of 2674?
False
Is 3853 a factor of 4751880798?
False
Is 180767038 a multiple of 64?
False
Is 11 a factor of 9520712?
False
Is 147 a factor of 404643944?
False
Is 40901532 a multiple of 357?
False
Is 89 a factor of 308385801?
True
Is 20583155 a multiple of 68?
False
Is 87578720 a multiple of 40?
True
Is 9889 a factor of 575885915?
True
Does 159 divide 39138804?
True
Does 482 divide 172721477?
False
Is 82685925 a multiple of 45?
True
Is 55502430 a multiple of 97?
True
Is 4 a factor of 1322716?
True
Is 168326983 a multiple of 239?
True
Is 3193846 a multiple of 562?
True
Does 32 divide 93005312?
True
Does 815 divide 28366075?
True
Does 1027 divide 46935954?
True
Does 63 divide 48974163?
False
Does 795 divide 1777026930?
True
Is 253544877 a multiple of 545?
False
Is 1568056323 a multiple of 851?
False
Is 205 a factor of 1920753650?
True
Is 22285755 a multiple of 423?
True
Does 58 divide 35935721?
False
Does 542 divide 252397476?
True
Is 79648176 a multiple of 48?
True
Is 69 a factor of 10228934?
False
Is 48 a factor of 156045888?
True
Is 53924713 a multiple of 14?
False
Is 76 a factor of 92646819?
False
Is 13 a factor of 684304809?
False
Is 27 a factor of 59504508?
False
Is 10 a factor of 6148637?
False
Is 8306099 a multiple of 171?
False
Is 72921002 a multiple of 565?
False
Does 75 divide 28762800?
True
Does 22 divide 196845724?
False
Is 13098182 a multiple of 19?
True
Does 379 divide 154618735?
True
Is 9880688 a multiple of 158?
True
Is 20 a factor of 238108918?
False
Is 48 a factor of 35684725?
False
Does 83 divide 225306084?
False
Is 3216572744 a multiple of 154?
True
Is 48576330 a multiple of 1390?
True
Does 7 divide 46699583?
True
Is 107 a factor of 668154530?
False
Is 1547 a factor of 14913080?
True
Is 178935314 a multiple of 106?
True
Is 6 a factor of 53019642?
True
Is 435147360 a multiple of 49?
False
Does 789 divide 31480375?
False
Does 9 divide 186264486?
True
Is 347502775 a multiple of 396?
False
Does 196 divide 11432742?
False
Does 17 divide 135363877?
True
Is 294 a factor of 162681139?
False
Does 2 divide 6624011?
False
Is 151 a factor of 31521552?
True
Does 342 divide 2652233256?
True
Is 121 a factor of 2151529798?
True
Is 9512 a factor of 1830346600?
True
Is 151765687 a multiple of 192?
False
Is 30 a factor of 118817534?
False
Is 31421590 a multiple of 151?
True
Is 9 a factor of 70966292?
False
Is 28 a factor of 620790485?
False
Is 26 a factor of 8587592?
True
Does 9 divide 122541138?
True
Is 21688984 a multiple of 1480?
False
Is 1553 a factor of 3983084550?
False
Does 1569 divide 1244540684?
False
Does 191 divide 8013023?
True
Is 448 a factor of 850131764?
False
Does 1273 divide 226538170?
False
Is 130540997 a multiple of 86?
False
Does 1319 divide 13646110?
False
Does 13 divide 1425087?
False
Does 1712 divide 264507424?
True
Is 179106395 a multiple of 65?
True
Does 280 divide 1714727000?
True
Does 16 divide 41436646?
False
Is 484 a factor of 676535677?
False
Is 63921396 a multiple of 33?
True
Is 29 a factor of 26085716?
False
Is 10936579 a multiple of 1969?
False
Is 408256156 a multiple of 748?
True
Is 692663561 a multiple of 22?
False
Is 3518 a factor of 179579632?
False
Is 2 a factor of 7129428?
True
Is 2593 a factor of 801740174?
False
Is 19580682 a multiple of 69?
True
Is 529 a factor of 13045581?
False
Does 45 divide 929996825?
False
Is 7239193 a multiple of 1424?
False
Is 283 a factor of 76135148?
False
Is 426926864 a multiple of 74?
False
Does 10 divide 33066742?
False
Is 2892804132 a multiple of 293?
False
Does 86 divide 1351483266?
False
Is 2196 a factor of 268456608?
True
Is 16614971 a multiple of 323?
False
Does 10 divide 1253069?
False
Is 4868 a factor of 170120907?
False
Does 365 divide 2430122?
False
Is 703498392 a multiple of 8?
True
Is 5611 a factor of 1365852064?
True
Is 1612 a factor of 1014646432?
False
Does 6 divide 1342153?
False
Is 141546692 a multiple of 92?
True
Does 466 divide 684630679?
False
Is 562 a factor of 116933193?
False
Does 228 divide 5095669?
False
Is 53162693 a multiple of 2442?
False
Is 1567 a factor of 69389894?
True
Is 1662744 a multiple of 4?
True
Does 56 divide 73351102?
False
Is 22 a factor of 847398585?
False
Is 307766718 a multiple of 126?
True
Is 22 a factor of 22868115?
False
Is 91622163 a multiple of 163?
False
Is 22724551 a multiple of 21?
False
Is 65 a factor of 2036079?
False
Is 22115496 a multiple of 18?
False
Is 710566772 a multiple of 361?
False
Is 82619046 a multiple of 1359?
True
Is 765859570 a multiple of 10?
True
Is 348 a factor of 23362381?
False
Is 1984127102 a multiple of 74?
False
Is 6 a factor of 124185154?
False
Does 860 divide 194849340?
True
Is 30505488 a multiple of 1209?
True
Is 26 a factor of 580158514?
True
Is 5 a factor of 25982720?
True
Does 1049 divide 73209710?
True
Is 28890624 a multiple of 64?
True
Is 1358 a factor of 37080190?
True
Is 41688342 a multiple of 94?
True
Is 8720208 a multiple of 211?
True
Is 34424610 a multiple of 165?
True
Does 53 divide 23174704?
False
Is 5 a factor of 317368730?
True
Is 22739858 a multiple of 32?
False
Is 10459820 a multiple of 787?
False
Does 31 divide 132917801?
True
Does 28 divide 8500636?
False
Does 7300 divide 441869000?
True
Is 3 a factor of 1546175?
False
Is 10 a factor of 4341267482?
False
Does 15 divide 19756628?
False
Is 19953795 a multiple of 2481?
False
Is 195448 a multiple of 9?
False
Is 503 a factor of 5561671?
True
Is 61211832 a multiple of 3558?
True
Is 75190717 a multiple of 2240?
False
Is 17 a factor of 3704145963?
True
Does 45 divide 200064735?
True
Is 1694643148 a multiple of 30?
False
Is 35 a factor of 90945645?
True
Is 8909 a factor of 602676032?
True
Does 378 divide 1356639794?
False
Is 182641 a multiple of 11?
False
Does 44 divide 115674416?
True
Is 2590812441 a multiple of 63?
True
Is 1584672 a multiple of 68?
True
Is 2831 a factor of 90289610?
False
Is 207 a factor of 1685358864?
False
Is 18816996 a multiple of 132?
True
Is 152 a factor of 256602242?
False
Is 533 a factor of 12230218?
True
Is 9 a factor of 579399590?
False
Is 32 a factor of 8795837?
False
Is 137 a factor of 140284265?
False
Is 10313243 even?
False
Is 829162748 a multiple of 936?
False
Is 22 a factor of 189410384?
False
Does 42 divide 204105697?
False
Is 90274402 a multiple of 46?
True
Does 877 divide 8623460?
False
Is 68006952 a multiple of 676?
True
Is 906655750 a multiple of 182?
True
Is 7 a factor of 1061373389?
False
Is 2758019 a multiple of 6?
False
Does 292 divide 6318296?
True
Is 159528684 a multiple of 59?
True
Is 358257014 a multiple of 17?
True
Is 1249415520 a multiple of 20?
True
Is 34539264 a multiple of 304?
True
Is 371952273 a multiple of 6?
False
Does 1137 divide 1104759219?
False
Does 321 divide 360115197?
False
Is 2003593999 a multiple of 6866?
False
Is 29200792 a multiple of 542?
True
Is 293235564 a multiple of 1762?
True
Is 1087 a factor of 123369065?
True
Does 19 divide 55868094?
True
Is 6423540 a multiple of 2836?
True
Is 745501240 a multiple of 1415?
True
Is 17 a factor of 161139126?
False
Is 531569610 a multiple of 990?
True
Is 93 a factor of 43550505?
True
Is 169820794 a multiple of 11?
True
Is 235025427 a multiple of 235?
False
Is 75940075 a multiple of 71?
False
Does 6960 divide 251624660?
False
Is 6312 a factor of 1267884959?
False
Does 807 divide 40502248?
False
Does 17 divide 348376308?
True
Is 21 a factor of 2585871131?
False
Is 13076368 a multiple of 6?
False
Does 134 divide 1460966624?
True
Is 4 a factor of 29045623?
False
Does 17 divide 17180006?
False
Is 53431322 a mult